rs of ((-62)/a)/((22/(-12))/(-11))?
3, 31
Suppose 6*n - 200 = -4*n. Let l be n/(-25)*(-7 - -2). Suppose -2*g + q + 251 = l*q, -q - 3 = 0. List the prime factors of g.
2, 5, 13
Suppose -21*l - 22955 = 10435. Let c = 2389 + l. List the prime factors of c.
17, 47
Let r(l) = -l - 35. Let p be r(8). Let s = p - -45. Suppose -5*u + 715 = 5*y, -2*u + 3*y + 283 = s*y. List the prime factors of u.
2, 71
Let t(u) = 4*u**3 + 6*u**2 + 5*u. Suppose n + 11 = 4*p, -2*n + 6 = 5*p + 2. Let s be t(n). Let o = 71 + s. List the prime factors of o.
2
Suppose 6*w = -16 + 16. Let b(q) = -34*q + 1634. List the prime factors of b(w).
2, 19, 43
Suppose w - 11858 = -4*c - 2525, -4680 = -2*c + 4*w. Suppose -c = -2*h - 3*d, -4624 = -8*h + 4*h + 5*d. What are the prime factors of h?
3, 43
List the prime factors of ((-378555)/150*-5)/((-2)/(-4)).
25237
Suppose -3*u - 5*a = -33683, 14*a - 18*a + 33679 = 3*u. What are the prime factors of u?
7, 229
Let a be (-3)/5 + 70720/200. Let y = a + 117. List the prime factors of y.
2, 5, 47
Suppose -28*q = 92 + 300. Let i(u) be the first derivative of u**2/2 + 26*u - 1. What are the prime factors of i(q)?
2, 3
Let w = -254 - -425. Let h = -158 + w. What are the prime factors of h?
13
Let h = 21708 - 12013. List the prime factors of h.
5, 7, 277
Suppose -569*j + 4*m - 5941 = -572*j, 2*m = 4*j - 7958. What are the prime factors of j?
1987
Let g(v) = 114*v**2 - 34*v + 35. Let m(j) = 23*j**2 - 7*j + 7. Let w(c) = -2*g(c) + 11*m(c). What are the prime factors of w(-4)?
443
Let p = 54 + -44. Suppose -2*k = p, -2*a + 4*a + 5*k + 21 = 0. Suppose -14 = a*s - 130. List the prime factors of s.
2, 29
List the prime factors of (-111)/74 - (-14277)/2.
3, 13, 61
Let x(a) = -1312*a**3 - 9*a**2 - 5*a + 42. What are the prime factors of x(-3)?
2, 3, 5, 59
Suppose 0*s = 3*s - 5*t - 11, -s = 5*t + 3. Suppose -4*b = s*f + 7 - 99, 3*f + 4*b = 132. List the prime factors of f.
2, 5
Let g = 8317 + 12016. List the prime factors of g.
20333
Let f = -68983 - -123896. What are the prime factors of f?
89, 617
Let s = -37736 + 60392. List the prime factors of s.
2, 3, 59
Let b(r) = 3 + 6 + 0 - 7*r**3 + 14*r**2 - 8 - 3*r**2 - 5*r. List the prime factors of b(-5).
2, 3, 7
Suppose 0 = -3*l - 4*h + 295, 3*h + 2*h - 206 = -2*l. Suppose b = -4*z - l - 78, -2*z = -b - 153. What are the prime factors of 12/30 + b/(-15)?
11
Let f(t) = -40*t**3 - 9*t**2 - 110*t + 7. What are the prime factors of f(-8)?
17, 1223
Suppose -5*x - 38500 = -10*x + 2*m, -5*m = -x + 7700. What are the prime factors of x?
2, 5, 7, 11
Suppose -9*d + 14*d = 10. Suppose 0 = d*t - 7*t. Let g = t - -29. List the prime factors of g.
29
Suppose 5*f + 0*r - 3 = -r, 3*f = -2*r + 6. List the prime factors of f*1/3 - -681.
3, 227
Suppose 12 - 6 = 2*c. Suppose 2052 = c*q + 6*q. List the prime factors of q.
2, 3, 19
Let x = -17 - -27. Suppose 2*w = -x, -3*w + 7 = -3*c + c. Let m = c - -36. What are the prime factors of m?
5
Suppose -7*i - 48 = 1. Let u(z) be the second derivative of -z**5/10 - 5*z**4/6 - z**3/6 - 5*z**2 + 3*z. List the prime factors of u(i).
193
Suppose 0 = -7*n + 263 - 228. Suppose -n*i - 4*u + 13 + 229 = 0, i + u = 49. What are the prime factors of i?
2, 23
Let a be ((-11)/(-3))/(3/9). Suppose a*h - 3865 - 1492 = 0. List the prime factors of h.
487
Let k be (12/(-14))/(0 + 2/70). What are the prime factors of (-5876)/k - (-12)/90?
2, 7
Let f be (-31381)/(-7) + 0 + -4. Suppose -28*u + f = -5433. List the prime factors of u.
2, 3, 59
Suppose 730*w = 732*w - 4*q - 36630, 3*w + 2*q = 55017. List the prime factors of w.
3, 7, 97
Let b = 1046 - 490. Let p = 831 - b. List the prime factors of p.
5, 11
Let f be ((-44)/(-3))/((-60)/(-18))*25. Suppose 0 = 5*k - f + 15. What are the prime factors of k?
19
Suppose 121*w - 40660 = -4*b + 120*w, b - 10176 = -3*w. List the prime factors of b.
2, 3, 7, 11
Let f(u) = -u**3 - u**2 + u - 156. Let h be f(0). Let w(g) = -2*g**2 + 90*g + 11. Let y be w(48). Let x = h - y. What are the prime factors of x?
11
Let q be 4/3*3708/24. List the prime factors of (11 - 8)*q/3.
2, 103
Suppose 3*u - 29 = -27*n + 28*n, -3*n = 4*u - 17. Let d(p) = -3*p**2 + 5*p + 4. Let i be d(-4). What are the prime factors of 8/i + 505/u?
3, 7
Let t be (-726)/132 + (30/(-4))/(-3). Let i(d) = 14*d**2 + d + 4. List the prime factors of i(t).
127
Let w = 30278 - 20167. List the prime factors of w.
10111
Let h = -37 - -40. Let o be (-12)/14*(4 + (h - 0)). List the prime factors of (28/o)/(4/(-24)) - -1.
29
Suppose -5*a + l - 2761 = 0, 0 = -4*a - 5*l - 138 - 2065. Let v = a - -878. List the prime factors of v.
2, 163
Let h(u) = u**3 - 15*u**2 + 16*u - 142. What are the prime factors of h(30)?
2, 11, 17, 37
Let f = -49 + 94. Let m = 49 - f. Suppose -5*o + m*u = -289 - 250, 3*o - 337 = -u. What are the prime factors of o?
3, 37
List the prime factors of (-322)/(-2093) + 56236/(-78)*51/(-2).
5, 3677
Suppose -2*q - 98 = 14. Let g = -5209 + 5167. Let s = g - q. What are the prime factors of s?
2, 7
Let f = -7700 - -12790. What are the prime factors of f?
2, 5, 509
Suppose -37439*f + 37424*f + 649785 = 0. List the prime factors of f.
43319
Let t = -874 + 2006. Suppose -l = 4*k + 50 - 586, 4*k = 2*l - t. What are the prime factors of l?
2, 139
Suppose 22 = 6*u + 4. Suppose 0 = -0*v - 2*v - h + 415, -4*h = -u*v + 639. Suppose 4*o = 4*f + 236, v = 4*o + 3*f + 2*f. List the prime factors of o.
2, 7
Let b be 129/21 + (-16)/112. Suppose b*j - 1658 = -56. What are the prime factors of j?
3, 89
Let j(b) = 48*b**2 - 106*b + 233. List the prime factors of j(-22).
3, 8599
Let k(i) = 3*i + 46. Let z be k(-25). Let q be z/145 - (-919)/(-5). List the prime factors of q/(-115)*(29 + 1).
2, 3
Suppose 5*m - 5*k = -k + 13, -2*k + 6 = 0. Suppose 5*x + 2*w - 3475 = -635, 0 = m*x - 2*w - 2840. List the prime factors of x.
2, 71
Let y(b) = 2*b**3 + b**2 - 1. Suppose -8 = c - 10. Let m be (15/(-30))/(c/(-12)). What are the prime factors of y(m)?
2, 31
Let l(o) = -2*o**2 + 17*o - 10. Let s(c) = 3*c**2 - 34*c + 20. Let k(p) = 5*l(p) + 3*s(p). Let t be k(-18). Let n = t + 11. What are the prime factors of n?
3
Let d(r) = -2*r**2 - 15*r + 10. Let s be d(-13). Let i = s + 274. Suppose -354 = -5*p + i. List the prime factors of p.
3, 11
List the prime factors of -6 + 25 + -18 + 0 + -2 + 5601.
2, 5, 7
Suppose 5*i + 20 = 2*r, 3*r + 0*i - 5 = -5*i. Suppose -5*y + 2423 = 5*j + 433, -4*j + r*y + 1574 = 0. Let k = 608 - j. What are the prime factors of k?
2, 53
Let c(z) = 30*z**2 + 6*z + 9. Let s be c(-3). Let i = -169 + s. Suppose 2*g = g + i. List the prime factors of g.
2, 23
Let z(x) = x**2 + x + 9. Let j be z(-9). Let q = j + -55. List the prime factors of ((-6)/4)/((-13)/q).
3
Let u(z) = -224*z + 3. Let t be u(4). Let a = t - -1298. Suppose -8*l + a = -3*l. List the prime factors of l.
3
Suppose -5*v = -2*j + 46, -2*v - 11*j + 15*j - 28 = 0. What are the prime factors of (-12818)/v + -9 + 195/20?
7, 229
Let d = 1242 + -726. Let k = -51 + 54. List the prime factors of -3*(d/(-4))/k.
3, 43
List the prime factors of 3/(-6 + (-33082)/(-16538) - (6 - 10)).
8269
List the prime factors of 356239/39 - (4/(-6) - -1).
2, 4567
Let k be 0*(1 - 0)/(-12 + 10). What are the prime factors of k*1/(-5)*-1 + 251?
251
Let b = 42973 - 6337. List the prime factors of b.
2, 3, 43, 71
Let o(i) = -109*i - 64. List the prime factors of o(-23).
7, 349
Let y(x) = 3*x**3 - 3*x**2 + 20*x + 12. Let r(h) = -3*h**3 + 2*h**2 - 18*h - 13. Let f(o) = 6*r(o) + 5*y(o). List the prime factors of f(-4).
2, 79
Let g = 27 - 20. Suppose -66 = -g*f + 6*f. Suppose -2*v - f + 360 = -2*u, 2*v = -2*u + 282. What are the prime factors of v?
2, 3
Suppose 39860 = 14*q + 6*q. Suppose q = 4*s - b, 3*s + 3*b + b = 1509. What are the prime factors of s?
499
Let f(b) = 8*b**2 - 135*b + 694. List the prime factors of f(72).
2, 16223
Suppose -31*i - 50988 = -3*z - 26*i, 2*z = 4*i + 33994. List the prime factors of z.
13, 1307
Let b(x) = -8*x**3 + 15*x**2 + 23*x + 41. What are the prime factors of b(-9)?
7, 983
Let q = 9275 + -2131. What are the prime factors of q?
2, 19, 47
Let h(r) = -r**3 - 11*r**2 - 13*r - 4. Let f be h(-10). Suppose f*m - 11864 + 1308 = 0. List the prime factors of m.
2, 7, 29
Let w be (-7)/28*4 + 2038. Let d = -1091 + w. What are the prime factors of d?
2, 11, 43